of 127632.
2, 3, 2659
List the prime factors of 1240.
2, 5, 31
What are the prime factors of 1204?
2, 7, 43
List the prime factors of 2431.
11, 13, 17
List the prime factors of 10996.
2, 2749
List the prime factors of 1894.
2, 947
What are the prime factors of 835?
5, 167
What are the prime factors of 39492?
2, 3, 1097
What are the prime factors of 34020?
2, 3, 5, 7
What are the prime factors of 6921?
3, 769
What are the prime factors of 174997?
103, 1699
List the prime factors of 65975.
5, 7, 13, 29
What are the prime factors of 1380?
2, 3, 5, 23
List the prime factors of 61678.
2, 30839
What are the prime factors of 3930?
2, 3, 5, 131
What are the prime factors of 420?
2, 3, 5, 7
What are the prime factors of 24067?
41, 587
What are the prime factors of 695?
5, 139
List the prime factors of 11483.
11483
What are the prime factors of 57197?
7, 8171
What are the prime factors of 1999?
1999
What are the prime factors of 4421?
4421
List the prime factors of 217.
7, 31
What are the prime factors of 746?
2, 373
What are the prime factors of 1094?
2, 547
What are the prime factors of 11008?
2, 43
List the prime factors of 43202.
2, 21601
What are the prime factors of 5247?
3, 11, 53
What are the prime factors of 345?
3, 5, 23
List the prime factors of 1242.
2, 3, 23
List the prime factors of 1073.
29, 37
List the prime factors of 18770.
2, 5, 1877
What are the prime factors of 29137?
29137
List the prime factors of 143603.
163, 881
What are the prime factors of 407?
11, 37
List the prime factors of 7243.
7243
List the prime factors of 5142.
2, 3, 857
What are the prime factors of 2070?
2, 3, 5, 23
What are the prime factors of 19372?
2, 29, 167
List the prime factors of 157.
157
List the prime factors of 4025.
5, 7, 23
List the prime factors of 1033.
1033
List the prime factors of 1739.
37, 47
List the prime factors of 1419.
3, 11, 43
What are the prime factors of 300?
2, 3, 5
List the prime factors of 408.
2, 3, 17
What are the prime factors of 10140?
2, 3, 5, 13
What are the prime factors of 61258?
2, 109, 281
What are the prime factors of 36131?
36131
What are the prime factors of 2631?
3, 877
What are the prime factors of 957?
3, 11, 29
What are the prime factors of 87831?
3, 3253
List the prime factors of 1272.
2, 3, 53
What are the prime factors of 94316?
2, 17, 19, 73
What are the prime factors of 15641?
15641
List the prime factors of 126544.
2, 11, 719
What are the prime factors of 7686?
2, 3, 7, 61
What are the prime factors of 30120?
2, 3, 5, 251
List the prime factors of 177286.
2, 88643
What are the prime factors of 261?
3, 29
What are the prime factors of 480?
2, 3, 5
What are the prime factors of 84638?
2, 101, 419
List the prime factors of 16205.
5, 7, 463
What are the prime factors of 2501?
41, 61
What are the prime factors of 2451?
3, 19, 43
What are the prime factors of 41559?
3, 7, 1979
List the prime factors of 47339.
47339
What are the prime factors of 692?
2, 173
List the prime factors of 1519.
7, 31
What are the prime factors of 790?
2, 5, 79
List the prime factors of 135121.
7, 97, 199
List the prime factors of 380.
2, 5, 19
What are the prime factors of 14465?
5, 11, 263
What are the prime factors of 1159?
19, 61
What are the prime factors of 48776?
2, 7, 13, 67
List the prime factors of 532.
2, 7, 19
List the prime factors of 6387.
3, 2129
What are the prime factors of 1176?
2, 3, 7
List the prime factors of 4293.
3, 53
What are the prime factors of 1381?
1381
List the prime factors of 3119.
3119
List the prime factors of 935.
5, 11, 17
List the prime factors of 4186.
2, 7, 13, 23
List the prime factors of 478.
2, 239
List the prime factors of 3169.
3169
List the prime factors of 37781.
37781
What are the prime factors of 1120?
2, 5, 7
List the prime factors of 18067.
7, 29, 89
List the prime factors of 460.
2, 5, 23
List the prime factors of 6767.
67, 101
What are the prime factors of 893?
19, 47
What are the prime factors of 11190?
2, 3, 5, 373
List the prime factors of 12928.
2, 101
List the prime factors of 111999.
3, 37, 1009
List the prime factors of 2759.
31, 89
List the prime factors of 95838.
2, 3, 15973
List the prime factors of 184.
2, 23
What are the prime factors of 38013?
3, 12671
List the prime factors of 68090.
2, 5, 11, 619
What are the prime factors of 1498?
2, 7, 107
What are the prime factors of 4237?
19, 223
List the prime factors of 1072.
2, 67
What are the prime factors of 63443?
63443
List the prime factors of 96920.
2, 5, 2423
What are the prime factors of 7970?
2, 5, 797
What are the prime factors of 1253?
7, 179
What are the prime factors of 7110?
2, 3, 5, 79
What are the prime factors of 2235?
3, 5, 149
List the prime factors of 858.
2, 3, 11, 13
What are the prime factors of 2655?
3, 5, 59
List the prime factors of 669.
3, 223
What are the prime factors of 19812?
2, 3, 13, 127
What are the prime factors of 9999?
3, 11, 101
What are the prime factors of 1174?
2, 587
What are the prime factors of 60019?
47, 1277
List the prime factors of 178.
2, 89
What are the prime factors of 1006?
2, 503
What are the prime factors of 859?
859
What are the prime factors of 6297?
3, 2099
List the prime factors of 4418.
2, 47
What are the prime factors of 125069?
7, 17, 1051
List the prime factors of 482.
2, 241
What are the prime factors of 4877?
4877
What are the prime factors of 143504?
2, 8969
List the prime factors of 35792.
2, 2237
List the prime factors of 2858.
2, 1429
List the prime factors of 1933.
1933
What are the prime factors of 9721?
9721
List the prime factors of 173228.
2, 11, 31, 127
List the prime factors of 49556.
2, 13, 953
List the prime factors of 1195.
5, 239
What are the prime factors of 16251?
3, 5417
List the prime factors of 12283.
71, 173
What are the prime factors of 305?
5, 61
List the prime factors of 8866.
2, 11, 13, 31
List the prime factors of 1219.
23, 53
List the prime factors of 3247.
17, 191
What are the prime factors of 10227?
3, 7, 487
What are the prime factors of 28731?
3, 61, 157
What are the prime factors of 28661?
28661
List the prime factors of 52154.
2, 89, 293
List the prime factors of 1677.
3, 13, 43
What are the prime factors of 78?
2, 3, 13
What are the prime factors of 4488?
2, 3, 11, 17
List the prime factors of 723.
3, 241
What are the prime factors of 34929?
3, 3881
List the prime factors of 3594.
2, 3, 599
What are the prime factors of 5489?
11, 499
List the prime factors of 1646.
2, 823
What are the prime factors of 5659?
5659
What are the prime factors of 15078?
2, 3, 7, 359
List the prime factors of 13355.
5, 2671
List the prime factors of 1553.
1553
What are the prime factors of 1641?
3, 547
What are the prime factors of 5715?
3, 5, 127
List the prime factors of 15505.
5, 7, 443
List the prime factors of 75936.
2, 3, 7, 113
What are the prime factors of 1700?
2, 5, 17
List the prime factors of 2169.
3, 241
What are the prime factors of 936?
2, 3, 13
List the prime factors of 18531.
3, 29, 71
List the prime factors of 6649.
61, 109
What are the prime factors of 3990?
2, 3, 5, 7, 19
List the prime factors of 236.
2, 59
What are the prime factors of 33189?
3, 13, 23, 37
List the prime factors of 3158.
2, 1579
What are the prime factors of 1231?
1231
List the prime factors of 49517.
13, 293
What are the prime factors of 7064?
2, 883
What are the prime factors of 22583?
11, 2053
List the prime factors of 11789.
11789
List the prime factors of 1355.
5, 271
What are the prime factors of 1028?
2, 257
List the prime factors of 1237.
1237
What are the prime factors of 43?
43
List the prime factors of 16817.
67, 251
What are the prime factors of 10041?
3, 3347
What are the prime factors of 25437?
3, 61, 139
List the prime factors of 2172.
2, 3, 181
List the prime factors of 37030.
2, 5, 7, 23
List the prime factors of 13011.
3, 4337
What are the prime factors of 5559?
3, 17, 109
List the prime factors of 50141.
7, 13, 19, 29
List the prime factors of 2034.
2, 3, 113
What are the prime factors of 15066?
2, 3, 31
List the prime factors of 6939.
3, 257
What are the prime factors of 57506?
2, 28753
What are the prime factors of 8652?
2, 3, 7, 103
What are the prime factors of 13242?
2, 3, 2207
What are the prime factors of 1975?
5, 79
What are the prime factors 